{"id":441,"date":"2025-04-04T20:51:29","date_gmt":"2025-04-04T18:51:29","guid":{"rendered":"http:\/\/dionysiusgemeinde-lehe.de\/?page_id=441"},"modified":"2025-10-25T15:38:27","modified_gmt":"2025-10-25T13:38:27","slug":"lebensereignisse","status":"publish","type":"page","link":"https:\/\/dionysiusgemeinde-lehe.de\/index.php\/lebensereignisse\/","title":{"rendered":"Lebensereignisse"},"content":{"rendered":"\n<p id=\"block-06c1b051-255d-4c50-beb8-59308cb25e52\">In der Gemeinschaft des Glaubens erfahren wir Unterst\u00fctzung und Ermutigung. Der Glaube ist der rote Faden, der uns durch alle Lebensereignisse f\u00fchrt \u2013 sei es in freudigen Momenten wie der Taufe oder Hochzeit oder in schweren Zeiten der Trauer. <\/p>\n\n\n\n<p><strong>Warum brauchen wir kirchlichen Rat und kirchliche Feiern gerade in besonderen Lebenssituationen?<\/strong><\/p>\n\n\n\n<p>Kirchliche Feiern und der Rat der Kirche begleiten uns in wichtigen Momenten des Lebens \u2013 von der Taufe \u00fcber die Konfirmation und Hochzeit bis hin zur Trauerfeier. Sie geben uns Halt und Orientierung in Zeiten des \u00dcbergangs und der Ver\u00e4nderung. Sie sind nicht nur Traditionen, sondern tief verwurzelte Rituale, die uns mit Gott und der Gemeinschaft verbinden. Sie geben uns Trost, Ermutigung und Orientierung und helfen uns, das Leben und seine Herausforderungen im Vertrauen auf Gottes F\u00fchrung zu meistern.<\/p>\n\n\n\n<p><strong>\u201eIch bin bei euch alle Tage bis an der Welt Ende.\u201c<\/strong><br>(Matth\u00e4us 28,20)<\/p>\n\n\n\n<figure class=\"wp-block-image size-full has-custom-border\"><img loading=\"lazy\" decoding=\"async\" width=\"1600\" height=\"1067\" src=\"https:\/\/dionysiusgemeinde-lehe.de\/wp-content\/uploads\/2025\/04\/fau2ni1uixg.jpg\" alt=\"brown cross on brown rock during daytime\" class=\"wp-image-452\" style=\"border-radius:20px\"\/><\/figure>\n\n\n\n<div style=\"height:30px\" aria-hidden=\"true\" class=\"wp-block-spacer\"><\/div>\n\n\n\n<h2 class=\"wp-block-heading\">Taufe<\/h2>\n\n\n\n<p><strong>Was bedeutet die Taufe f\u00fcr unser christliches Leben?<\/strong><\/p>\n\n\n\n<p>Die Taufe ist das sichtbare Zeichen daf\u00fcr, dass ein Mensch zu Gott geh\u00f6rt. In der Taufe sagt Gott bedingungslos Ja zu uns \u2013 noch bevor wir etwas leisten k\u00f6nnen. Sie ist der Beginn eines Lebens im Vertrauen auf Gottes Liebe und Gnade.<\/p>\n\n\n\n<p>Mit der Taufe wird ein Mensch in die christliche Gemeinschaft aufgenommen. Sie verbindet uns mit Jesus Christus und mit allen, die an ihn glauben. Zugleich ist sie ein Versprechen: Gott begleitet uns \u2013 ein Leben lang.<\/p>\n\n\n\n<p>Die Taufe ist ein Geschenk. Und sie erinnert uns immer wieder daran: <em>Ich bin von Gott geliebt und nicht allein.<\/em><\/p>\n\n\n\n<figure class=\"wp-block-image size-full has-custom-border\"><img loading=\"lazy\" decoding=\"async\" width=\"1600\" height=\"1067\" src=\"https:\/\/dionysiusgemeinde-lehe.de\/wp-content\/uploads\/2025\/04\/mjn1lcou1cw.jpg\" alt=\"toddler baptized\" class=\"wp-image-443\" style=\"border-radius:20px\"\/><\/figure>\n\n\n\n<div style=\"height:30px\" aria-hidden=\"true\" class=\"wp-block-spacer\"><\/div>\n\n\n\n<h2 class=\"wp-block-heading\">Konfirmation<\/h2>\n\n\n\n<p><strong>Was bedeutet die Konfirmation f\u00fcr das christliche Leben?<\/strong><\/p>\n\n\n\n<p>Die Konfirmation ist ein wichtiger Schritt auf dem Weg des Glaubens. Jugendliche sagen dabei bewusst Ja zu ihrer Taufe und zum christlichen Glauben. Sie best\u00e4tigen: <em>Ich will meinen Weg mit Gott gehen.<\/em><\/p>\n\n\n\n<p>Die Konfirmation st\u00e4rkt und best\u00e4rkt. Die Jugendlichen empfangen den Segen Gottes f\u00fcr ihren weiteren Lebensweg \u2013 verbunden mit der Zusage: Du bist geliebt, begleitet und getragen. Zugleich werden sie volle Mitglieder der Gemeinde und k\u00f6nnen z.\u202fB. das Patenamt \u00fcbernehmen.<\/p>\n\n\n\n<p>Die Zeit der Vorbereitung \u2013 der Konfirmandenunterricht \u2013 l\u00e4dt dazu ein, Fragen zu stellen, Glauben zu entdecken und Gemeinschaft zu erleben. Die Konfirmation ist deshalb nicht nur ein Fest, sondern auch ein Neuanfang im Vertrauen auf Gott.<\/p>\n\n\n\n<p><strong>\u201eGott spricht: Ich will dich segnen und du sollst ein Segen sein.\u201c<\/strong><br>(1. Mose 12,2)<\/p>\n\n\n\n<figure class=\"wp-block-image size-full is-resized has-custom-border\"><img loading=\"lazy\" decoding=\"async\" width=\"800\" height=\"1200\" src=\"https:\/\/dionysiusgemeinde-lehe.de\/wp-content\/uploads\/2025\/04\/se3thnszbkm.jpg\" alt=\"person's hand\" class=\"wp-image-435\" style=\"border-radius:20px;width:399px;height:auto\"\/><\/figure>\n\n\n\n<div style=\"height:30px\" aria-hidden=\"true\" class=\"wp-block-spacer\"><\/div>\n\n\n\n<h2 class=\"wp-block-heading\">Hochzeit<\/h2>\n\n\n\n<p><strong>Was bedeutet die kirchliche Trauung f\u00fcr das christliche Leben?<\/strong><\/p>\n\n\n\n<p>Die kirchliche Trauung ist ein besonderer Moment im Leben zweier Menschen: Sie sagen Ja zueinander \u2013 vor Gott und vor der Gemeinde. Im Gottesdienst bitten sie um Gottes Segen f\u00fcr ihre gemeinsame Zukunft.<\/p>\n\n\n\n<p>Die Ehe ist ein Zeichen der Liebe, des Vertrauens und der Verl\u00e4sslichkeit. In der kirchlichen Trauung wird deutlich: Diese Liebe steht unter Gottes Zusage. Er geht mit \u2013 in guten wie in schweren Zeiten.<\/p>\n\n\n\n<p>Die Trauung erinnert daran, dass die Liebe ein Geschenk ist. Und sie macht Mut, das gemeinsame Leben im Glauben zu gestalten \u2013 getragen von Gottes N\u00e4he und Segen.<\/p>\n\n\n\n<p><strong>\u201eNun aber bleiben Glaube, Hoffnung, Liebe \u2013 diese drei. Doch am gr\u00f6\u00dften unter ihnen ist die Liebe.\u201c<\/strong><br>(1. Korinther 13,13)<\/p>\n\n\n\n<figure class=\"wp-block-image size-full has-custom-border\"><img loading=\"lazy\" decoding=\"async\" width=\"1600\" height=\"1065\" src=\"https:\/\/dionysiusgemeinde-lehe.de\/wp-content\/uploads\/2025\/04\/h1g-ncmcnsi.jpg\" alt=\"selective focus photography of candles on stand\" class=\"wp-image-448\" style=\"border-radius:20px\"\/><\/figure>\n\n\n\n<div style=\"height:30px\" aria-hidden=\"true\" class=\"wp-block-spacer\"><\/div>\n\n\n\n<h2 class=\"wp-block-heading\">Trauerfeier<\/h2>\n\n\n\n<p><strong>Wie hilft die Trauerfeier im christlichen Leben?<\/strong><\/p>\n\n\n\n<p>Die christliche Trauerfeier gibt Raum f\u00fcr Abschied, Erinnerung und Hoffnung. Sie hilft, das Unfassbare in Worte zu fassen und die Trauer vor Gott zu bringen. In Gebeten, Liedern und biblischen Texten wird deutlich: Gott ist da \u2013 auch im Schmerz.<\/p>\n\n\n\n<p>Die Trauerfeier w\u00fcrdigt das Leben der verstorbenen Person und vertraut ihn der Liebe Gottes an. Sie schenkt Trost und Halt, besonders durch die Zusage: Der Tod hat nicht das letzte Wort. In Jesus Christus hat Gott den Tod \u00fcberwunden.<\/p>\n\n\n\n<p>So ist die Trauerfeier ein wichtiger Schritt auf dem Weg der Trauer \u2013 getragen von der Gemeinschaft, im Licht der Hoffnung auf neues Leben.<\/p>\n\n\n\n<p><strong>\u201eGott wird abwischen alle Tr\u00e4nen von ihren Augen.\u201c<\/strong><br>(Offenbarung 21,4)<\/p>\n\n\n\n<figure class=\"wp-block-image size-full has-custom-border\"><img loading=\"lazy\" decoding=\"async\" width=\"1598\" height=\"1200\" src=\"https:\/\/dionysiusgemeinde-lehe.de\/wp-content\/uploads\/2025\/04\/ewdvtdc4lp0.jpg\" alt=\"A lit candle sitting on top of a table\" class=\"wp-image-450\" style=\"border-radius:20px\"\/><\/figure>\n\n\n\n<div style=\"height:100px\" aria-hidden=\"true\" class=\"wp-block-spacer\"><\/div>\n\n\n\n<p>Wir begleiten Sie bei der Vorbereitung Ihrer Feierlichkeit und besprechen alle Fragen. <\/p>\n\n\n\n<p>Pastorin Lilo Eurich, <br>Telefon: 0471 | 9691354, E-Mail: lilo.eurich[at]t-online.de.<\/p>\n\n\n\n<p>Pastor Dietmar Meyer, <br>Telefon: 0471 | 300 52 455, E-Mail: pastormeyer[at]gmx.de<\/p>\n","protected":false},"excerpt":{"rendered":"<p>In der Gemeinschaft des Glaubens erfahren wir Unterst\u00fctzung und Ermutigung. Der Glaube ist der rote Faden, der uns durch alle Lebensereignisse f\u00fchrt \u2013 sei es in freudigen Momenten wie der Taufe oder Hochzeit oder in schweren Zeiten der Trauer. Warum brauchen wir kirchlichen Rat und kirchliche Feiern gerade in besonderen Lebenssituationen? Kirchliche Feiern und der [&hellip;]<\/p>\n","protected":false},"author":2,"featured_media":0,"parent":0,"menu_order":0,"comment_status":"closed","ping_status":"closed","template":"","meta":{"footnotes":""},"class_list":["post-441","page","type-page","status-publish","hentry"],"_links":{"self":[{"href":"https:\/\/dionysiusgemeinde-lehe.de\/index.php\/wp-json\/wp\/v2\/pages\/441","targetHints":{"allow":["GET"]}}],"collection":[{"href":"https:\/\/dionysiusgemeinde-lehe.de\/index.php\/wp-json\/wp\/v2\/pages"}],"about":[{"href":"https:\/\/dionysiusgemeinde-lehe.de\/index.php\/wp-json\/wp\/v2\/types\/page"}],"author":[{"embeddable":true,"href":"https:\/\/dionysiusgemeinde-lehe.de\/index.php\/wp-json\/wp\/v2\/users\/2"}],"replies":[{"embeddable":true,"href":"https:\/\/dionysiusgemeinde-lehe.de\/index.php\/wp-json\/wp\/v2\/comments?post=441"}],"version-history":[{"count":16,"href":"https:\/\/dionysiusgemeinde-lehe.de\/index.php\/wp-json\/wp\/v2\/pages\/441\/revisions"}],"predecessor-version":[{"id":1132,"href":"https:\/\/dionysiusgemeinde-lehe.de\/index.php\/wp-json\/wp\/v2\/pages\/441\/revisions\/1132"}],"wp:attachment":[{"href":"https:\/\/dionysiusgemeinde-lehe.de\/index.php\/wp-json\/wp\/v2\/media?parent=441"}],"curies":[{"name":"wp","href":"https:\/\/api.w.org\/{rel}","templated":true}]}}