{"id":432,"date":"2025-04-04T20:31:46","date_gmt":"2025-04-04T18:31:46","guid":{"rendered":"http:\/\/dionysiusgemeinde-lehe.de\/?page_id=432"},"modified":"2025-11-18T09:18:13","modified_gmt":"2025-11-18T08:18:13","slug":"glaube","status":"publish","type":"page","link":"https:\/\/dionysiusgemeinde-lehe.de\/index.php\/glaube\/","title":{"rendered":"Glaube"},"content":{"rendered":"\n<p class=\"tight-top\">Gedanken aus unserer Gemeinde<\/p>\n\n\n\n<p><strong>Was ist Glaube und was bedeutet Glauben heute?<\/strong><\/p>\n\n\n\n<p>Glauben ist das Vertrauen in Gott und die Zusage, dass er immer bei uns ist \u2013 in guten wie in schwierigen Zeiten. Unser Glaube ist mehr als ein intellektuelles Bekenntnis; er ist eine lebendige Beziehung zu Gott, die unser Herz, unsere Gedanken und unser Handeln pr\u00e4gt. <\/p>\n\n\n\n<p>Glaube bedeutet, sich auf Gottes Liebe und F\u00fchrung zu verlassen und darauf zu vertrauen, dass er unser Leben begleitet. Er gibt uns Hoffnung, Orientierung und Sinn und fordert uns gleichzeitig auf, diese Liebe in der Welt weiterzugeben. Glaube ist ein Weg, der uns nicht nur in den gro\u00dfen Momenten des Lebens tr\u00e4gt, sondern auch im Alltag eine Quelle von Kraft und Frieden sein kann.<\/p>\n\n\n\n<figure class=\"wp-block-image size-full has-custom-border\"><img loading=\"lazy\" decoding=\"async\" width=\"1600\" height=\"1067\" src=\"https:\/\/dionysiusgemeinde-lehe.de\/wp-content\/uploads\/2025\/04\/qsa-uv4wj0k.jpg\" alt=\"religious concert performed by a band on stage\" class=\"wp-image-464\" style=\"border-radius:20px\"\/><\/figure>\n\n\n\n<div style=\"height:33px\" aria-hidden=\"true\" class=\"wp-block-spacer\"><\/div>\n\n\n\n<h2 class=\"wp-block-heading\">Die Bibel<\/h2>\n\n\n\n<p>&#8230; immer aktuell &#8211; Rat und R\u00fcckhalt an jedem Tag!<\/p>\n\n\n\n<p><strong>Was bedeutet uns die Bibel heute?<\/strong><br>Die Bibel ist das wichtigste Buch unseres Glaubens. In ihr begegnen wir Gottes Wort \u2013 lebendig, tr\u00f6stend und herausfordernd. Sie erz\u00e4hlt von der Liebe Gottes zu den Menschen, von Hoffnung, Vertrauen und dem Mut zum Leben.<\/p>\n\n\n\n<p>Auch heute hilft uns die Bibel, Antworten auf Fragen des Alltags zu finden: Wo finde ich Halt? Was gibt meinem Leben Sinn? Wie gehe ich mit anderen um? Sie schenkt Trost in schweren Zeiten und gibt Orientierung, wenn wir nach einem guten Weg suchen.<\/p>\n\n\n\n<p>Die Bibel ist wertvoll, weil sie uns mit Gott verbindet. Sie l\u00e4dt uns ein, im Vertrauen auf Gott zu leben \u2013 mitten in unserer Welt.<\/p>\n\n\n\n<p>Weiterlesen in der Bibel k\u00f6nnt ihr auch <a href=\"https:\/\/www.bibleserver.com\/\">hier<\/a>!<\/p>\n\n\n\n<figure class=\"wp-block-image size-full has-custom-border\"><img loading=\"lazy\" decoding=\"async\" width=\"1280\" height=\"853\" src=\"https:\/\/dionysiusgemeinde-lehe.de\/wp-content\/uploads\/2025\/04\/3649314.jpg\" alt=\"bible, a book, church, pages, reading, literature, knowledge, religion, read, writing, christian, christianity, holy, god, text, religious, worship, faith, mentally, open, gold rim, bible, bible, bible, bible, bible, text\" class=\"wp-image-329\" style=\"border-radius:20px\"\/><\/figure>\n\n\n\n<div style=\"height:33px\" aria-hidden=\"true\" class=\"wp-block-spacer\"><\/div>\n\n\n\n<h2 class=\"wp-block-heading\">Segen<\/h2>\n\n\n\n<p><strong>Was bedeutet Segen?<\/strong><br>Segen ist alles Gute, das Gott einem Menschen schenkt. Christ*innen vertrauen beim Segnen darauf, dass Gott ihr Leben begleitet, st\u00e4rkt und sch\u00fctzt. Der Segen wird oft mit Gesten wie dem Handauflegen oder dem Kreuzzeichen verbunden.<\/p>\n\n\n\n<p>Segen geh\u00f6rt zu jedem Gottesdienst und besonderen Lebensmomenten wie Taufe, Trauung oder Beerdigung. Aber auch im Alltag \u2013 etwa vor einer Reise \u2013 k\u00f6nnen Menschen sich gegenseitig segnen. Dabei muss es nicht immer eine Pfarrer*in sein \u2013 jede*r kann segnen.<\/p>\n\n\n\n<p>Schon in biblischer Zeit war der Segen wichtig. Ein bekannter Segensspruch stammt aus dem Alten Testament:<br><em>\u201eDer HERR segne dich und beh\u00fcte dich&#8230;\u201c (Numeri 6,24\u201326)<\/em><br>Auch trinitarische Segensworte, die auf den dreieinigen Gott verweisen, werden oft gesprochen, etwa:<br><em>\u201eSo segne dich Gott, der Vater, der Sohn und der Heilige Geist.\u201c<\/em><\/p>\n\n\n\n<figure class=\"wp-block-image size-full has-custom-border\"><img loading=\"lazy\" decoding=\"async\" width=\"1600\" height=\"1067\" src=\"https:\/\/dionysiusgemeinde-lehe.de\/wp-content\/uploads\/2025\/04\/6liebveafry.jpg\" alt=\"group of people waving their hands\" class=\"wp-image-437\" style=\"border-radius:20px;object-fit:cover\"\/><\/figure>\n\n\n\n<div style=\"height:33px\" aria-hidden=\"true\" class=\"wp-block-spacer\"><\/div>\n\n\n\n<h2 class=\"wp-block-heading\">Losungen<\/h2>\n\n\n\n<p><strong>Was sind Losungen und was bedeuten sie f\u00fcr das christliche Leben?<\/strong><\/p>\n\n\n\n<p>Die <a href=\"https:\/\/www.losungen.de\/\" data-type=\"link\" data-id=\"https:\/\/www.losungen.de\/\"><em>Losungen<\/em> <\/a>sind kurze Bibelverse, die uns Tag f\u00fcr Tag begleiten \u2013 wie ein geistlicher Kompass. Sie stammen aus der Herrnhuter Br\u00fcdergemeine und werden f\u00fcr jeden Tag des Jahres ausgew\u00e4hlt: ein Vers aus dem Alten Testament, dazu ein passender Vers aus dem Neuen Testament.<\/p>\n\n\n\n<p>F\u00fcr viele Christ*innen sind die Losungen ein fester Bestandteil ihres Glaubensalltags. Sie laden dazu ein, innezuhalten, sich auf Gottes Wort zu besinnen und im Vertrauen durch den Tag zu gehen. Oft sprechen sie genau in unsere Situation hinein \u2013 als Trost, als Ermutigung oder auch als Herausforderung.<\/p>\n\n\n\n<p>Die Losungen verbinden uns mit Christ*innen weltweit, die sich am selben Tag mit denselben Worten besch\u00e4ftigen. So werden sie zu einem stillen Gebet in Gemeinschaft \u2013 \u00fcber Grenzen und Konfessionen hinweg. <\/p>\n\n\n\n<figure class=\"wp-block-image size-full has-custom-border\"><img loading=\"lazy\" decoding=\"async\" width=\"1600\" height=\"1067\" src=\"https:\/\/dionysiusgemeinde-lehe.de\/wp-content\/uploads\/2025\/04\/x-miafbal-o.jpg\" alt=\"opened white book\" class=\"wp-image-439\" style=\"border-radius:20px\"\/><\/figure>\n\n\n\n<div style=\"height:100px\" aria-hidden=\"true\" class=\"wp-block-spacer\"><\/div>\n\n\n\n<p class=\"has-text-align-right\">(Ulla Theiler)<\/p>\n","protected":false},"excerpt":{"rendered":"<p>Gedanken aus unserer Gemeinde Was ist Glaube und was bedeutet Glauben heute? Glauben ist das Vertrauen in Gott und die Zusage, dass er immer bei uns ist \u2013 in guten wie in schwierigen Zeiten. Unser Glaube ist mehr als ein intellektuelles Bekenntnis; er ist eine lebendige Beziehung zu Gott, die unser Herz, unsere Gedanken und [&hellip;]<\/p>\n","protected":false},"author":2,"featured_media":0,"parent":0,"menu_order":0,"comment_status":"closed","ping_status":"closed","template":"","meta":{"footnotes":""},"class_list":["post-432","page","type-page","status-publish","hentry"],"_links":{"self":[{"href":"https:\/\/dionysiusgemeinde-lehe.de\/index.php\/wp-json\/wp\/v2\/pages\/432","targetHints":{"allow":["GET"]}}],"collection":[{"href":"https:\/\/dionysiusgemeinde-lehe.de\/index.php\/wp-json\/wp\/v2\/pages"}],"about":[{"href":"https:\/\/dionysiusgemeinde-lehe.de\/index.php\/wp-json\/wp\/v2\/types\/page"}],"author":[{"embeddable":true,"href":"https:\/\/dionysiusgemeinde-lehe.de\/index.php\/wp-json\/wp\/v2\/users\/2"}],"replies":[{"embeddable":true,"href":"https:\/\/dionysiusgemeinde-lehe.de\/index.php\/wp-json\/wp\/v2\/comments?post=432"}],"version-history":[{"count":17,"href":"https:\/\/dionysiusgemeinde-lehe.de\/index.php\/wp-json\/wp\/v2\/pages\/432\/revisions"}],"predecessor-version":[{"id":1348,"href":"https:\/\/dionysiusgemeinde-lehe.de\/index.php\/wp-json\/wp\/v2\/pages\/432\/revisions\/1348"}],"wp:attachment":[{"href":"https:\/\/dionysiusgemeinde-lehe.de\/index.php\/wp-json\/wp\/v2\/media?parent=432"}],"curies":[{"name":"wp","href":"https:\/\/api.w.org\/{rel}","templated":true}]}}